6?
6
Let j(s) = -s**3 - 9*s**2 - 5*s - 30. Let g be j(-9). What is the greatest common factor of 105 and g?
15
Let n(w) = -4*w - 9. Let o(g) = -g - 3. Let c(j) = 2*n(j) - 7*o(j). Let s be c(0). What is the greatest common factor of 33 and s?
3
Let f be 1/2 + 2/(-8)*-22. What is the highest common factor of f and 9?
3
Suppose 5*d = 3*c - 376, d + 251 + 273 = 4*c. What is the highest common divisor of 12 and c?
12
Suppose 2 = n - 1. Let h(s) = 3*s**3 + 2*s**2 + 2*s - 1. Let w be h(n). Calculate the highest common factor of w and 13.
13
Let n be 8/(1 + -3) + -18 + 172. Calculate the highest common divisor of n and 15.
15
Let t be 6 + (4 - 10) + 3. Suppose -t*h + 4 = h. Calculate the greatest common factor of 2 and h.
1
Let w(p) = -11*p - 3. Suppose x - 7 = l, l - x + 23 = 4*x. Let g be w(l). Calculate the highest common factor of g and 6.
6
Suppose 3*k - 22 = k. What is the highest common factor of k and 11?
11
Suppose 0 = -3*u + 334 + 86. Calculate the greatest common factor of 28 and u.
28
Let x be 24/(-10)*(-15)/6. Suppose -6 = 2*a - 3*a. Suppose w = a - 2. What is the highest common factor of w and x?
2
Let r be -3 + (-5 + 0)*-1. Calculate the greatest common divisor of 5 and r.
1
Let a be 450*(4 + 2 + -5). Calculate the highest common divisor of a and 50.
50
Let t(c) = -c**3 + 7*c**2 + 6*c - 3. Let j be t(5). Calculate the highest common divisor of j and 22.
11
Suppose -72 = -s - 2*s. Calculate the highest common factor of 120 and s.
24
Suppose 140 = 4*l - 196. What is the greatest common divisor of l and 12?
12
Let a = -9 + 20. Let s be (1 - -1)*-1 - -34. Let c = s - a. What is the greatest common divisor of 14 and c?
7
Suppose -g + 50 = 3*s, -4*s = -6*s - 3*g + 45. Suppose 2*a = -b + 163, 4*b - 552 = -2*a + 106. What is the greatest common factor of s and b?
15
Suppose -3*j + 8*j - 5*c - 35 = 0, 0 = j + 4*c - 12. Let v be (24/(-9))/((-2)/6). What is the highest common divisor of j and v?
8
Let n(f) = 3*f**2 + 4*f + 4. Let g be n(-4). Let x = g - 24. What is the greatest common factor of x and 8?
4
Let r = 3 + 1. Suppose b - 1 - 39 = 0. Let u be ((-32)/(-10))/(8/b). Calculate the highest common factor of r and u.
4
Let v be (-352)/(-5) - (-30)/(-75). What is the highest common factor of v and 14?
14
Let w(p) = p**3 - 8*p**2 - 9*p + 10. Let f = 14 - 5. Let t be w(f). Let i be 12 + -1 + 0 + -1. What is the highest common factor of t and i?
10
Let i = -21 - -45. What is the highest common factor of i and 3?
3
Suppose 77 = -5*f + 117. What is the greatest common factor of f and 3?
1
Suppose 2*l = -0 - 4. Let g = 2 - l. What is the highest common divisor of g and 10?
2
Suppose -30 = -2*c + 4*x - 186, 2*x + 272 = -4*c. Suppose 38 = -4*o + 638. Let v = c + o. What is the greatest common factor of v and 16?
16
Let t = 42 + -26. Calculate the greatest common factor of 48 and t.
16
Suppose -3 = -g - 4. Let d = 3 - g. What is the highest common divisor of d and 1?
1
Let n(g) = 11*g + 1. Let o be n(1). Let c = o - 7. Suppose -2*f - 4*q + 7 + 9 = 0, 0 = 4*f + 5*q - 35. Calculate the highest common divisor of c and f.
5
Let z be (2 - -46)*3/(-2). Suppose 3*x = c - 447, 3*c - 88 - 61 = x. Let p = z - x. What is the highest common factor of p and 7?
7
Suppose -5*t + 91 = -374. Let b be t/9 - (-6)/9. What is the highest common divisor of 11 and b?
11
Let t(c) = 18*c**2 + c - 5. Let j be t(2). Calculate the greatest common divisor of j and 23.
23
Let b(i) = i**2 + 25*i + 1. Let k be b(-26). Calculate the greatest common factor of k and 18.
9
Suppose 2*i - 4*i + 2 = 0, h + 3*i - 17 = 0. Let c be h/(-3)*12*-1. Calculate the greatest common divisor of 14 and c.
14
Let m(x) = 8*x - 24. Let n be m(15). What is the highest common factor of 12 and n?
12
Let o be -11*(3 + (-5 - -3)). Let n = o + 18. What is the greatest common divisor of 63 and n?
7
Let o(a) = -2*a - 2. Let w be o(-2). Suppose w*m - 12 = 2. What is the greatest common factor of m and 1?
1
Let r = 1 + 2. Suppose 5*g + 0*n - r*n - 363 = 0, 2*g = -5*n + 139. Suppose 0*t = -2*t + g. What is the greatest common divisor of 24 and t?
12
Let m = 0 + 4. Let t(r) = m*r - 1 - 2*r - r. Let b be t(7). What is the highest common factor of b and 24?
6
Let f(r) = -r - 5. Let u be f(-8). Let h be 2 - 0/(-2 + u). Suppose -99 = -3*s + 2*n + 3*n, -s = h*n - 22. What is the greatest common factor of 4 and s?
4
Let j be (-2)/4*4/(-6)*75. Calculate the greatest common factor of 200 and j.
25
Let n = -21 + 32. Suppose 2*w = w + 3*k - n, 5*w + 2*k - 13 = 0. What is the highest common factor of w and 1?
1
Suppose s = 3*s - 100. Let a be (0/(-1))/(-1) + 13. Let p = a + -3. What is the greatest common factor of s and p?
10
Suppose 6 = -12*l + 14*l. What is the highest common divisor of 27 and l?
3
Let n = -26 + 149. Calculate the greatest common factor of 41 and n.
41
Let h(v) = -v**2 - 14*v - 9. Let r be h(-7). What is the greatest common factor of r and 5?
5
Suppose -p + 17 = -18. Suppose 0 = -3*w + p + 13. Suppose -4*v = o - 0*o - 40, 0 = 2*o + 5*v - 74. What is the greatest common factor of o and w?
16
Let c(h) = 5*h - 10. Let t be c(4). Suppose -2*i = -42 - 118. Calculate the highest common factor of t and i.
10
Let l = 4 + 0. Let i = l - 3. Calculate the highest common factor of i and 1.
1
Let a(n) = -21*n + 7. Let z = -6 - -2. Let p be a(z). Let d be (-82)/(-6) - 2/3. What is the highest common divisor of d and p?
13
Let o be 83/3 - 4*5/(-60). What is the highest common factor of 224 and o?
28
Suppose -85 = -4*c - 9. Suppose 0 = 2*l - 0*l - 266. What is the greatest common factor of l and c?
19
Suppose 4*a + 5*o = o - 4, 2*a - 10 = 2*o. Suppose u - a*u = 2*i - 66, 1 = -i. Suppose -u = -d - 16. Calculate the greatest common divisor of d and 13.
13
Let o be 4/(-6) + 11/3. Let g(m) = 16*m**2 + m + 1. Let b be g(o). Let a be b/16 + 2/(-8). What is the greatest common factor of a and 63?
9
Suppose z = 4, -3*c = 2*z - 52 - 40. Calculate the greatest common factor of c and 56.
28
Let i be 2/(-3) - 88/(-6). Let s = -10 - -14. Suppose s*u = -u + 210. What is the highest common factor of i and u?
14
Let p be ((-36)/(-7))/((-108)/(-1134)). Let j be 4/14 - (-80)/14. Calculate the highest common factor of p and j.
6
Suppose 0 = -l - 8 + 327. Calculate the highest common factor of l and 29.
29
Suppose 48 - 113 = -5*l. Let t(i) = -i - 3. Let o be t(-6). Suppose c - 13 = -o*v, 4*c = -c + 4*v + 65. What is the greatest common factor of l and c?
13
Let o(m) = m**3 - 7*m**2 + 5*m + 5. Let q be o(7). Suppose -5*y - v + 45 = 0, 2*v - 2 - 8 = 0. What is the highest common factor of q and y?
8
Suppose -10*v + 203 = -107. What is the greatest common factor of 62 and v?
31
Suppose 9*y + 103 = 3*v + 4*y, -33 = -v + 3*y. Calculate the highest common factor of 24 and v.
12
Suppose 5*c + 15 = 0, 5*f - c = 1 + 72. Let b = 36 - f. Calculate the greatest common factor of b and 110.
22
Suppose 0 = 4*a + 5*s + 21 - 115, 0 = -4*a - 3*s + 98. What is the highest common factor of a and 65?
13
Let p = -5 - -70. Let g = 56 + p. Calculate the greatest common divisor of 11 and g.
11
Let t be ((-18)/5)/((-7)/35). What is the highest common divisor of t and 90?
18
Let x(h) = h - 4. Let a be x(8). Let l(q) = q**2. Let i be l(a). Let p(c) = -c + 7. Let g be p(-9). Calculate the greatest common factor of g and i.
16
Let m be (-18)/(-2)*6/9. Let t = -5 + 3. Let o be t/(-3) - (-25)/3. Calculate the greatest common factor of o and m.
3
Suppose 3*i + 156 = 2*s, -s + 3*i + 88 = -i. Calculate the greatest common divisor of 12 and s.
12
Let b(i) = -7*i**2 + 5*i + 19. Let p(m) = -3*m**2 + 2*m + 9. Let o(d) = 2*b(d) - 5*p(d). Let z be o(4). Calculate the highest common factor of z and 63.
9
Let x(c) = 172*c**2 + c. Let v be x(-1). Let g(z) = -2*z**2 + 41*z - 71. Let w be g(18). Calculate the greatest common divisor of v and w.
19
Let y = -56 + 146. Calculate the greatest common divisor of 20 and y.
10
Let j = -3 + -3. Let v be ((-24)/(-14))/(j/(-21)). Calculate the highest common factor of v and 48.
6
Let j(v) = v**2 + 5*v + 16. Let u be j(-9). Calculate the greatest common factor of u and 78.
26
Let y be 30 - (1 - 1) - 24/(-12). Calculate the highest common divisor of 2 and y.
2
Suppose 5*v = 2*y + 2*y - 175, 4*v = 4. Let k be 1 + 1 + 0/(-2). Suppose -4*s = -k*s - 10.